 -3)/(2 - 0). Suppose k*u = 6*u - 8. Let o(q) = 0 + 2*q**2 + 7 - 6*q**u - 1 - q**3 + 5*q. Calculate o(-5).
6
Let u(d) = 25*d**3 - d - 11*d**3 + d - d**2 - 3*d - 13*d**3. Let f = 0 - -3. Determine u(f).
9
Let b(j) = -j + 1. Let t(v) = -2*v + 6. Let d be t(-2). Let u be (60/75)/((-4)/d). What is b(u)?
3
Let p(g) be the second derivative of 1/2*g**2 - 1/3*g**4 - 26*g + 0 + 1/3*g**3 - 1/20*g**5. What is p(-4)?
-7
Let p(s) = -s**3 + 2*s**2 + 5*s + 3. Let o(b) = b + 4. Let v be o(-4). Let i(a) = 2*a + v - a + 3 - 5. Let g be i(6). Determine p(g).
-9
Let q(n) = -n**3 - 8*n**2 + n + 2. Suppose -38*r + 6 = -41*r. Let s be -3 + (r + -3)*1. What is q(s)?
-6
Let u(o) = -15*o**3 - 2*o**2 + 1. Suppose -7*x + 0 = 7. Determine u(x).
14
Suppose 3*m - 40 = -19*t + 14*t, 2*m = 4*t - 10. Let o(p) = p + 4. Give o(m).
9
Let h(t) = 4*t + 65. Let c be h(-18). Let v(u) = -3*u**3 + u**2 - 3*u + 2. Let l(f) = -10*f**3 + 2*f**2 - 9*f + 7. Let q(r) = c*v(r) + 2*l(r). Calculate q(2).
2
Suppose -8 = s + 4*j - 0*j, -s + 1 = -5*j. Let x(t) = 20. Let y(w) = 7. Let i(u) = 6*x(u) - 17*y(u). Let z(g) = g - 9. Let c(h) = s*i(h) - z(h). What is c(0)?
5
Let o(y) be the third derivative of y**4/24 - y**2. Suppose g = -h - 2, -7*g + 6*g + 5*h = 2. Calculate o(g).
-2
Suppose 0 = -2*j + j - 4*q - 1, 0 = 4*q + 12. Let h be (0 + -2)/(2/(-16)). Let t = h - j. Let f(n) = -2*n + 6. What is f(t)?
-4
Suppose 2*d + 18 = 5*o, 2*o = -5*d + o + 9. Let f = 3 - d. Let n(k) = -k**2 - k + 3. Let p(t) = 3*t**2 + 2*t - 8. Let r(u) = 8*n(u) + 3*p(u). Calculate r(f).
0
Let b(m) = -m - 7. Let z be -9*(15/(-20))/((-27)/(-24)). Give b(z).
-13
Let n be (2 - (-21)/(-12))*60. Let l(y) = y - 21. Calculate l(n).
-6
Let y(b) = 7*b**2. Let r = -14 - -16. Suppose -5*k - 19 = r*d, -5*d - 60 - 28 = -k. Let o = 18 + d. Give y(o).
7
Let m be (-140)/18 + (-14)/63. Let w be (0 + -2)/(m/(-76)). Let o = -19 - w. Let z(n) = -n**3 - n**2 + n - 14. Give z(o).
-14
Let d = -12 + 15. Let s(h) be the third derivative of -h**5/60 - 2*h**3/3 + 7*h**2. What is s(d)?
-13
Let k be (-8)/20 - 7/(-5). Let t(p) be the third derivative of p**6/30 + p**3/6 - 26*p**2 + 7. Calculate t(k).
5
Suppose 63 = 3*z - 5*f, -4*f = 9 + 3. Let b(x) = x + 10 + 7 - z. Let q(i) = i**3 - 7*i**2 - 9*i + 11. Let d be q(8). Determine b(d).
4
Suppose -3*y - 2 = 5*f + 19, 0 = 3*y - 5*f - 9. Let m be (-3 - (2 + y))*1. Let q(c) = -c**3 - 4*c**2 - 2*c - 3. Determine q(m).
-6
Suppose 0*b - 5*b + 2*f = -15, b = 4*f + 21. Let g(s) = s**2 - 2*s - 4. Let l be g(4). Let o(m) = 3*m - 5 - b + l + 1. Calculate o(-1).
-4
Let q(f) be the third derivative of 0 + 1/720*f**6 + 0*f + 3/8*f**4 + 0*f**3 - 12*f**2 + 1/20*f**5. Let l(a) be the second derivative of q(a). Calculate l(0).
6
Let m(l) = -30*l + 270. Let u be m(9). Let p(j) = j**2 + j + 1. Determine p(u).
1
Suppose 4*s + 6 - 35 = -3*v, 0 = 5*s + 4*v - 37. Let l(o) = -o**2 + 3*o - 2. Give l(s).
-12
Let t(c) be the third derivative of 0 + 0*c + 1/12*c**4 + 1/6*c**3 - 1/24*c**5 - 5*c**2. Let i(z) be the first derivative of t(z). Give i(2).
-8
Let p(u) = -u. Let g(c) = -c + 33. Let k be g(0). Suppose -o = -4*q - 21, q + q - 5*o = -k. Determine p(q).
4
Let w(i) = -i**2 + 7*i - 7. Let l = 11 + -14. Let o = l + 3. Let a be 9 - 0 - (3 + o). Calculate w(a).
-1
Let z(g) = -g**2 + 5*g + 7. Let x be z(6). Let v(c) = -13*c**2 + 4*c - 11*c**2 - x + 25*c**2. Give v(-3).
-4
Suppose 17 = -3*y + 56. Suppose -2*r = 3*g - 3, 4*r + 5 - y = -4*g. Let l(b) = -3*b + 2. What is l(r)?
-7
Let l(g) = -9*g + 1. Let b(z) = -21*z - 106. Let c be b(-5). Determine l(c).
10
Let u(o) = o**2 - 5*o + 2. Let s(k) = -1 - 1 - 1 - 6*k + 2*k. Let z be s(-2). What is u(z)?
2
Let c(r) be the second derivative of -r**4/12 - 13*r**3/6 - 2*r**2 + 210*r. Determine c(-10).
26
Suppose 3*o + j = -20, -2*o + j = 2*o + 36. Let u(f) = f + 1. Let x be u(o). Let i be (x/6)/(3/(-18)). Let m(c) = -c**2 + 6*c + 3. What is m(i)?
-4
Let q = -167 + 167. Let h(m) = m**3 + m**2 - m + 4. Calculate h(q).
4
Let q(c) = c. Let u(z) = 4*z + 28. Let s be u(-7). Give q(s).
0
Let q(c) = -c**2 + 11*c - 11. Suppose 2*o - 18 = -3*t, -4*o + o + 27 = -3*t. Give q(o).
7
Let v = -36 + 51. Let y(n) = -v + n**3 + 22 - 10*n + 5*n + 0*n**3 + 5*n**2. What is y(-6)?
1
Let z(h) = -7*h - 28. Let l(v) = 25*v - 854. Let o be l(34). What is z(o)?
0
Let a = 509 - 515. Let x(b) = -b**2 - 9*b - 2. Determine x(a).
16
Suppose -4*v + 11 = 5*t + 121, 5*v + 123 = t. Let x = 31 - 11. Let o = x + v. Let y(s) = s**3 + 5*s**2 - 5. Calculate y(o).
-5
Let x(l) be the first derivative of -16*l**3/3 - l**2/2 - 20. Let s(n) = -n**2 - 9*n + 9. Let p be s(-10). What is x(p)?
-15
Let n(m) = -m**2 - 6*m + 1. Let c be 2 + -4 + 1 + 1. Suppose -5*l + 2*j - 80 = 7*j, 3*l + 5*j + 38 = c. Let d = -25 - l. Give n(d).
9
Let l(q) = 8*q**2 - 10*q - 19. Let v(i) = -2*i**2 + 4*i + 6. Let g(b) = 2*l(b) + 7*v(b). Determine g(-4).
4
Let i(f) be the first derivative of -f**3/3 - 3*f**2 + 128. Determine i(-2).
8
Let c(n) = -21*n**2 - 2*n + 7. Let b be c(2). Let i = -83 - b. Let r(d) = -d**2 + d - 1. Determine r(i).
-7
Let a(r) = -r**3 - 6*r**2 - 5*r + 2. Let w be a(-5). Let h(s) = -329*s**2 + 111*s**2 + 2*s - 6 + 107*s**2 + 5 + 112*s**2 - 2*s**3. Calculate h(w).
-9
Let h(n) be the second derivative of 2*n**5/15 + n**4/24 + 5*n**3/2 + 2*n. Let a(o) be the second derivative of h(o). Give a(-1).
-15
Let q(f) = f**3 + 5*f**2 - f + 21. Let b = 3033 - 3039. What is q(b)?
-9
Let g(i) be the first derivative of 3*i**2 - 5*i + 125. Determine g(2).
7
Let r be (-138)/(-21) - 4 - 27/(-63). Let n(y) = -y**3 - y - 1. Let a(k) = -4*k**3 + 4*k**2 - 3*k + 1. Let j(h) = a(h) - 3*n(h). Calculate j(r).
13
Let m(n) = -n**3 + 2*n**2 - 5*n. Suppose 0 = 28*s + 33 - 145. Determine m(s).
-52
Suppose -g = -4*z - 15, -4*g + 56 - 18 = -5*z. Let v(o) = o**2 - 2*o + 3. Give v(g).
38
Suppose 0 = -h, 3*s = 5*s - h + 26. Let r(a) = a**2 + 15*a + 15. Calculate r(s).
-11
Let b be (-6783)/(-665) + ((-6)/5 - -1). Let x(n) = -n**2 + 11*n + 10. Give x(b).
20
Let u(j) = -5*j + 2. Let l be (-2 - 25 - -3)/(-2). Suppose 0 = -7*n + l + 23. Suppose g + 8 = n*g. Give u(g).
-8
Suppose 2 - 6 = f, -2*b + 4*f + 16 = 0. Suppose b = 2*u - 10 + 8. Let v(w) = -7*w + 2. Give v(u).
-5
Let x(d) be the third derivative of -d**6/120 + 5*d**4/24 + d**3/3 - 3*d**2 - 1. Suppose -g - 12 = 3*g. What is x(g)?
14
Let l(n) be the second derivative of -n**5/20 + n**4/3 + n**2 - 110*n. Give l(4).
2
Let b(x) = x. Let f be (30/20)/(6/(-20)). Let t be f*(8 + -4 + -3). Give b(t).
-5
Let v be (-4)/(-6)*(-60)/(-8). Let t(r) be the second derivative of r**3/3 - 2*r**2 - 5*r. Determine t(v).
6
Suppose 5*n - 10 - 5 = 0. Suppose 5*d = 12*d - 35. Suppose -2*c + n*c = d*r + 14, -c = -r - 2. Let o(y) = -y**3 - 3*y**2 + 3*y + 4. Calculate o(r).
-5
Let k = 6 + -12. Let j(c) = -c**2 - 7*c + 3. Let h be j(k). Let g(z) be the third derivative of -z**5/60 + z**4/3 + 2*z**3/3 + 16*z**2. Calculate g(h).
-5
Let h(t) be the third derivative of -t**4/8 + 2*t**3/3 - 2*t**2 - 6*t. Give h(4).
-8
Let c(m) = 9*m**3 + 21*m**2 + 3*m. Let h(n) = -5*n**3 - 11*n**2 - n. Let k(b) = 4*c(b) + 7*h(b). Let p be ((-12)/16)/((1 + 2)/24). What is k(p)?
6
Suppose -161 = -15*f - 8*f. Let j(w) = 3*w + 3. Calculate j(f).
24
Let y(l) = -l**3 + l + 8. Let g(f) = f - 2. Let t be g(7). Suppose -t*b + 4*j = -30, -2*j + 0*j = 10. Suppose z = -b*z. Determine y(z).
8
Let n(b) be the second derivative of b**4/24 + 2*b**3/3 + 3*b**2/2 - 6*b. Let d(v) be the first derivative of n(v). Give d(0).
4
Let i(q) = -q - 7*q + 129 + 2*q - 130 + 2*q. Determine i(5).
-21
Let j(h) = 3*h**2 - 4. Let s(n) = 16*n**2 - 23. Let g(o) = 11*j(o) - 2*s(o). Determine g(2).
6
Let u(w) be the first derivative of -5*w**2/2 - 4*w - 103. What is u(-2)?
6
Let r(w) = w**2 - 10*w + 9. Let u be 12 + (-6 + 9)*-1. Give r(u).
0
Suppose -23*d + 118 = -124*d - 286. Let f(w) = w - 7. Let r(y) = y**2 - 7*y + 3. Let z be r(6). Let a(p) = -2*p + 8. Let t(g) = z*f(g) - 2*a(g). Determine t(d).
1
Suppose 6 = z - 3*b + 23, 5*z + 3*b - 5 = 0. Let y(o) = -6*o**3 + o - 1. What is y(z)?
45
Let s(j) = j**2 + j - 17. Let u be s(5). Suppose -6*z + u = -17. Let l(f) = f**2 - 4*f - 7. Determine l(z).
-2
Let o(s) be the second derivative of -s**3/6 - 3*s**2 - 46*s - 2. Give o(-2).
-4
Let r be 172/(-24) - (-9)/54. Let s(b) =